mon factor of 12784 and 8366?
94
Calculate the highest common factor of 6435 and 10890.
495
Calculate the highest common factor of 84 and 141864.
12
Calculate the highest common factor of 8978 and 1206.
134
Calculate the highest common factor of 16 and 579984.
16
What is the highest common divisor of 48346 and 161?
23
Calculate the highest common factor of 4097492 and 122.
122
Calculate the greatest common factor of 125 and 121375.
125
What is the highest common divisor of 4553 and 8321?
157
Calculate the highest common factor of 2944 and 62008.
184
What is the highest common factor of 64652 and 84?
28
What is the greatest common divisor of 280 and 6055?
35
What is the highest common factor of 2448 and 362032?
272
Calculate the greatest common divisor of 43766 and 316.
158
What is the greatest common factor of 235 and 924725?
235
Calculate the greatest common factor of 47635 and 210.
35
What is the highest common divisor of 1610 and 26450?
230
Calculate the highest common divisor of 118236 and 413.
59
What is the highest common divisor of 13296 and 141?
3
What is the highest common factor of 622 and 8155042?
622
What is the highest common factor of 37 and 179?
1
Calculate the greatest common divisor of 900 and 151650.
450
What is the highest common factor of 4659687 and 81?
81
What is the highest common divisor of 727147 and 2259?
251
Calculate the highest common divisor of 1446864 and 96.
48
What is the greatest common factor of 35263 and 7339?
179
Calculate the highest common factor of 12 and 14298.
6
What is the greatest common divisor of 10400 and 1976?
104
Calculate the highest common divisor of 1141 and 49.
7
Calculate the greatest common divisor of 81 and 3858.
3
What is the highest common divisor of 312 and 135288?
24
What is the greatest common divisor of 8 and 76696?
8
What is the highest common divisor of 2882 and 32802?
22
Calculate the greatest common divisor of 14564 and 374.
22
What is the greatest common divisor of 16564 and 1476?
164
Calculate the highest common factor of 8965073 and 13.
13
What is the greatest common divisor of 464 and 74124?
116
What is the highest common factor of 1200854 and 419?
419
Calculate the greatest common factor of 218753 and 23.
23
Calculate the greatest common divisor of 132592 and 304.
16
What is the greatest common divisor of 1254 and 592119?
33
What is the greatest common factor of 13201 and 3377?
307
Calculate the highest common factor of 167973 and 1357.
59
Calculate the greatest common factor of 516 and 11940.
12
Calculate the greatest common factor of 8440 and 9284.
844
Calculate the highest common factor of 380888 and 128.
8
Calculate the greatest common factor of 103370 and 10.
10
Calculate the greatest common factor of 1680 and 29960.
280
What is the highest common divisor of 646 and 402154?
38
Calculate the highest common divisor of 318538 and 22.
22
Calculate the highest common factor of 5239188 and 278.
278
Calculate the highest common divisor of 44820 and 18592.
332
What is the highest common divisor of 13294 and 165002?
782
Calculate the highest common divisor of 22064 and 8471.
197
What is the greatest common divisor of 10959 and 729195?
843
What is the greatest common divisor of 119 and 960211?
119
Calculate the highest common factor of 145 and 641161.
29
Calculate the highest common divisor of 181920 and 8717.
379
Calculate the greatest common factor of 400 and 101300.
100
What is the highest common factor of 735 and 30075?
15
Calculate the highest common factor of 6525 and 2550.
75
Calculate the highest common divisor of 3675 and 18816.
147
Calculate the highest common factor of 112161 and 872.
109
What is the greatest common factor of 2176 and 113203?
17
Calculate the greatest common divisor of 90 and 103455.
45
Calculate the highest common factor of 411 and 161660.
137
Calculate the highest common factor of 108 and 249588.
108
What is the greatest common divisor of 794276 and 19?
19
What is the highest common factor of 3267381 and 421?
421
What is the highest common factor of 110 and 62590?
110
Calculate the highest common divisor of 1805 and 5285.
5
Calculate the highest common divisor of 2124 and 1443789.
531
What is the greatest common factor of 42917 and 7?
7
What is the highest common divisor of 168149 and 3982?
181
What is the highest common divisor of 58935 and 30?
15
What is the highest common factor of 278304 and 2007?
669
Calculate the greatest common divisor of 1017 and 5409.
9
What is the greatest common divisor of 44640 and 14544?
144
What is the greatest common factor of 60 and 899540?
20
Calculate the highest common factor of 678148 and 152.
76
What is the highest common factor of 16885 and 614?
307
Calculate the highest common divisor of 8213250 and 699.
699
Calculate the greatest common factor of 241 and 484651.
241
What is the highest common divisor of 2 and 19898?
2
Calculate the greatest common factor of 522 and 175363.
29
What is the highest common divisor of 2151 and 239?
239
Calculate the highest common factor of 7948 and 12.
4
What is the greatest common divisor of 37544 and 9747?
361
What is the highest common divisor of 13 and 313391?
13
Calculate the greatest common factor of 309258 and 276.
138
What is the greatest common factor of 144 and 5898?
6
What is the greatest common divisor of 11106 and 342?
18
What is the highest common factor of 460 and 220480?
20
What is the highest common factor of 49896 and 8568?
504
What is the highest common divisor of 1737792 and 64?
64
Calculate the greatest common divisor of 64 and 421240.
8
Calculate the highest common factor of 5524014 and 1581.
1581
Calculate the greatest common factor of 110 and 241538.
22
What is the highest common divisor of 301 and 22059?
43
What is the greatest common factor of 2775 and 4403?
37
What is the highest common divisor of 20 and 3446810?
10
Calculate the greatest common divisor of 606204 and 972.
324
Calculate the greatest common factor of 66 and 70521.
33
Calculate the greatest common divisor of 2622 and 36347.
19
Calculate the highest common divisor of 2636763 and 38.
19
What is the greatest common divisor of 84294 and 896?
14
What is the highest common divisor of 143 and 13351?
13
What is the greatest common divisor of 927 and 9094797?
927
Calculate the greatest common divisor of 23021 and 1.
1
What is the greatest common factor of 6989232 and 48?
48
What is the highest common divisor of 30 and 69162?
6
Calculate the greatest common divisor of 4491 and 15469.
499
Calculate the highest common divisor of 2064 and 9933.
129
What is the highest common factor of 114 and 2874358?
38
What is the greatest common factor of 244 and 584624?
244
What is the greatest common divisor of 1408 and 6267008?
1408
Calculate the highest common divisor of 35742 and 1110.
222
What is the greatest common divisor of 1088 and 260440?
136
Calculate the greatest common divisor of 3846 and 4487.
641
What is the greatest common factor of 113024 and 1664?
128
What is the greatest common factor of 2585607 and 732?
183
What is the highest common divisor of 118 and 5030989?
59
Calculate the highest common factor of 1596 and 215346.
114
What is the greatest common divisor of 807 and 48151?
269
What is the highest common divisor of 6791017 and 1073?
1073
Calculate the greatest common divisor of 12738 and 1518.
66
What is the greatest common divisor of 278982 and 15?
3
What is the greatest common divisor of 2288 and 10736?
176
What is the highest common divisor of 65280 and 765?
255
Calculate the greatest common factor of 1302 and 798.
42
What is the greatest common factor of 4024 and 136?
8
Calculate the highest common factor of 320760 and 2520.
360
Calculate the greatest common factor of 1782 and 16896.
66
What is the highest common divisor of 9245 and 114380?
215
What is the greatest common divisor of 66 and 10857?
33
Calculate the greatest common divisor of 25070 and 380410.
1090
What is the highest common divisor of 21297 and 9827?
31
What is the highest common divisor of 125205 and 982?
491
What is the highest common factor of 2802 and 318?
6
Calculate the highest common divisor of 3990 and 1890.
210
What is the highest common factor of 8070 and 750?
30
Calculate the greatest common divisor of 76 and